 of 61410?
2, 3, 5, 23, 89
List the prime factors of 33742.
2, 16871
List the prime factors of 18549.
3, 229
What are the prime factors of 2043?
3, 227
What are the prime factors of 7245?
3, 5, 7, 23
What are the prime factors of 1611?
3, 179
List the prime factors of 101404.
2, 101, 251
List the prime factors of 8973.
3, 997
What are the prime factors of 1091?
1091
List the prime factors of 485.
5, 97
What are the prime factors of 1189?
29, 41
List the prime factors of 33397.
7, 13, 367
What are the prime factors of 4600?
2, 5, 23
What are the prime factors of 7929?
3, 881
What are the prime factors of 6257?
6257
List the prime factors of 9868.
2, 2467
List the prime factors of 21856.
2, 683
List the prime factors of 870.
2, 3, 5, 29
What are the prime factors of 2837?
2837
List the prime factors of 5169.
3, 1723
What are the prime factors of 19119?
3, 6373
List the prime factors of 53194.
2, 26597
What are the prime factors of 45338?
2, 22669
List the prime factors of 164320.
2, 5, 13, 79
List the prime factors of 86040.
2, 3, 5, 239
What are the prime factors of 4627?
7, 661
What are the prime factors of 1378?
2, 13, 53
List the prime factors of 128396.
2, 32099
List the prime factors of 1567.
1567
What are the prime factors of 933?
3, 311
What are the prime factors of 54347?
54347
What are the prime factors of 1564?
2, 17, 23
List the prime factors of 1561.
7, 223
List the prime factors of 7483.
7, 1069
What are the prime factors of 4932?
2, 3, 137
What are the prime factors of 586?
2, 293
What are the prime factors of 1134?
2, 3, 7
List the prime factors of 3385.
5, 677
List the prime factors of 3911.
3911
List the prime factors of 919.
919
List the prime factors of 23590.
2, 5, 7, 337
List the prime factors of 187.
11, 17
What are the prime factors of 402?
2, 3, 67
What are the prime factors of 398?
2, 199
List the prime factors of 3532.
2, 883
What are the prime factors of 1720?
2, 5, 43
What are the prime factors of 6879?
3, 2293
What are the prime factors of 530?
2, 5, 53
List the prime factors of 3775.
5, 151
List the prime factors of 1566.
2, 3, 29
What are the prime factors of 2404?
2, 601
What are the prime factors of 50619?
3, 47, 359
What are the prime factors of 15228?
2, 3, 47
List the prime factors of 1391.
13, 107
List the prime factors of 69551.
157, 443
List the prime factors of 2318.
2, 19, 61
What are the prime factors of 48759?
3, 16253
What are the prime factors of 323?
17, 19
List the prime factors of 328.
2, 41
What are the prime factors of 37183?
19, 103
List the prime factors of 10391.
10391
What are the prime factors of 1872?
2, 3, 13
List the prime factors of 12704.
2, 397
What are the prime factors of 5305?
5, 1061
What are the prime factors of 60263?
7, 8609
What are the prime factors of 532?
2, 7, 19
List the prime factors of 50.
2, 5
What are the prime factors of 103?
103
List the prime factors of 538.
2, 269
What are the prime factors of 44752?
2, 2797
What are the prime factors of 70024?
2, 8753
List the prime factors of 1893.
3, 631
What are the prime factors of 4945?
5, 23, 43
List the prime factors of 6732.
2, 3, 11, 17
What are the prime factors of 5434?
2, 11, 13, 19
List the prime factors of 401.
401
List the prime factors of 4630.
2, 5, 463
List the prime factors of 25868.
2, 29, 223
What are the prime factors of 8823?
3, 17, 173
List the prime factors of 1910.
2, 5, 191
List the prime factors of 4320.
2, 3, 5
What are the prime factors of 45576?
2, 3, 211
List the prime factors of 8674.
2, 4337
What are the prime factors of 29695?
5, 5939
What are the prime factors of 104713?
7, 2137
What are the prime factors of 17030?
2, 5, 13, 131
List the prime factors of 12041.
12041
What are the prime factors of 6549?
3, 37, 59
What are the prime factors of 461?
461
What are the prime factors of 75564?
2, 3, 2099
List the prime factors of 78853.
78853
List the prime factors of 878.
2, 439
What are the prime factors of 55116?
2, 3, 1531
List the prime factors of 5765.
5, 1153
List the prime factors of 22314.
2, 3, 3719
List the prime factors of 743.
743
List the prime factors of 101600.
2, 5, 127
List the prime factors of 12303.
3, 1367
What are the prime factors of 9538?
2, 19, 251
List the prime factors of 16291.
11, 1481
What are the prime factors of 7126?
2, 7, 509
List the prime factors of 10116.
2, 3, 281
List the prime factors of 2413.
19, 127
List the prime factors of 5110.
2, 5, 7, 73
What are the prime factors of 674?
2, 337
What are the prime factors of 216?
2, 3
List the prime factors of 144.
2, 3
List the prime factors of 1628.
2, 11, 37
What are the prime factors of 535?
5, 107
What are the prime factors of 26013?
3, 13, 23, 29
List the prime factors of 309.
3, 103
What are the prime factors of 35998?
2, 41, 439
List the prime factors of 75508.
2, 43, 439
What are the prime factors of 3597?
3, 11, 109
What are the prime factors of 1456?
2, 7, 13
What are the prime factors of 64129?
13, 4933
List the prime factors of 941.
941
What are the prime factors of 3043?
17, 179
List the prime factors of 13590.
2, 3, 5, 151
What are the prime factors of 10457?
10457
List the prime factors of 28152.
2, 3, 17, 23
List the prime factors of 7519.
73, 103
List the prime factors of 9718.
2, 43, 113
List the prime factors of 18171.
3, 673
What are the prime factors of 1076?
2, 269
What are the prime factors of 44802?
2, 3, 19, 131
What are the prime factors of 156251?
37, 41, 103
List the prime factors of 817.
19, 43
What are the prime factors of 4616?
2, 577
What are the prime factors of 1064?
2, 7, 19
What are the prime factors of 83431?
83431
What are the prime factors of 46724?
2, 11681
List the prime factors of 14445.
3, 5, 107
What are the prime factors of 6022?
2, 3011
List the prime factors of 4016.
2, 251
What are the prime factors of 2801?
2801
What are the prime factors of 45629?
103, 443
What are the prime factors of 456?
2, 3, 19
What are the prime factors of 3491?
3491
What are the prime factors of 5539?
29, 191
List the prime factors of 6883.
6883
What are the prime factors of 10989?
3, 11, 37
What are the prime factors of 6307?
7, 17, 53
What are the prime factors of 77317?
77317
List the prime factors of 1322.
2, 661
List the prime factors of 3213.
3, 7, 17
List the prime factors of 3567.
3, 29, 41
What are the prime factors of 6475?
5, 7, 37
List the prime factors of 30171.
3, 89, 113
List the prime factors of 84765.
3, 5, 5651
List the prime factors of 2381.
2381
List the prime factors of 856.
2, 107
What are the prime factors of 965?
5, 193
List the prime factors of 148089.
3, 49363
What are the prime factors of 13297?
13297
What are the prime factors of 23973?
3, 61, 131
What are the prime factors of 26013?
3, 13, 23, 29
What are the prime factors of 503?
503
List the prime factors of 7139.
11, 59
What are the prime factors of 69517?
7, 9931
List the prime factors of 75112.
2, 41, 229
What are the prime factors of 713?
23, 31
What are the prime factors of 1848?
2, 3, 7, 11
List the prime factors of 22951.
59, 389
List the prime factors of 101179.
13, 43, 181
List the prime factors of 1082.
2, 541
List the prime factors of 10439.
11, 13, 73
What are the prime factors of 15930?
2, 3, 5, 59
What are the prime factors of 29654?
2, 14827
What are the prime factors of 1975?
5, 79
What are the prime factors of 35240?
2, 5, 881
What are the prime factors of 7950?
2, 3, 5, 53
List the prime factors of 55265.
5, 7, 1579
What are the prime factors of 19213?
19213
List the prime factors of 11325.
3, 5, 151
What are the prime factors of 2958?
2, 3, 17, 29
List the prime factors of 45951.
3, 17, 53
What are the prime factors of 2904?
2, 3, 11
List the prime factors of 20770.
2, 5, 31, 67
What are the prime factors of 5101?
5101
What are the prime factors of 3239?
41, 79
List the prime factors of 1034.
2, 11, 47
List the prime factors of 107885.
5, 21577
List the prime factors of 534.
2, 3, 89
List the prime factors of 184.
2, 23
What are the prime factors of 97?
97
List the prime factors of 18753.
3, 7, 19, 47
What are the prime factors of 297?
3, 11
List the prime factors of 7210.
2, 5, 7, 103
List the prime factors of 9936.
2, 3, 23
What are the prime factors of 30889?
17, 23, 79
List the prime factor